{"id":2,"date":"2021-05-22T19:41:31","date_gmt":"2021-05-22T17:41:31","guid":{"rendered":"http:\/\/agnesl.fr\/meditation\/?page_id=2"},"modified":"2022-01-10T23:38:25","modified_gmt":"2022-01-10T22:38:25","slug":"page-d-exemple","status":"publish","type":"page","link":"https:\/\/agnesl.fr\/meditation\/page-d-exemple\/","title":{"rendered":"La pleine conscience"},"content":{"rendered":"\n<figure class=\"wp-block-image size-full\"><a href=\"https:\/\/agnesl.fr\/meditation\/wp-content\/uploads\/2022\/01\/image0-1.jpeg\"><img fetchpriority=\"high\" decoding=\"async\" width=\"640\" height=\"480\" src=\"https:\/\/agnesl.fr\/meditation\/wp-content\/uploads\/2022\/01\/image0-1.jpeg\" alt=\"\" class=\"wp-image-1054\" srcset=\"https:\/\/agnesl.fr\/meditation\/wp-content\/uploads\/2022\/01\/image0-1.jpeg 640w, https:\/\/agnesl.fr\/meditation\/wp-content\/uploads\/2022\/01\/image0-1-300x225.jpeg 300w, https:\/\/agnesl.fr\/meditation\/wp-content\/uploads\/2022\/01\/image0-1-80x60.jpeg 80w, https:\/\/agnesl.fr\/meditation\/wp-content\/uploads\/2022\/01\/image0-1-390x293.jpeg 390w, https:\/\/agnesl.fr\/meditation\/wp-content\/uploads\/2022\/01\/image0-1-367x275.jpeg 367w, https:\/\/agnesl.fr\/meditation\/wp-content\/uploads\/2022\/01\/image0-1-456x342.jpeg 456w, https:\/\/agnesl.fr\/meditation\/wp-content\/uploads\/2022\/01\/image0-1-600x450.jpeg 600w\" sizes=\"(max-width: 640px) 100vw, 640px\" \/><\/a><figcaption><strong><em><span class=\"has-inline-color has-cyan-bluish-gray-color\"><sup><strong><em>\u201dRien n\u2019est plus pr\u00e9cieux que d\u2019\u00eatre dans le moment pr\u00e9sent.&nbsp;<\/em><\/strong><br><strong><em>Enti\u00e8rement vivant, pleinement conscient.\u201d<\/em><\/strong><br>Thich Nhat Hanh&nbsp;<\/sup><\/span><\/em><\/strong><\/figcaption><\/figure>\n\n\n\n<div class=\"wp-block-group\"><div class=\"wp-block-group__inner-container is-layout-flow wp-block-group-is-layout-flow\">\n<div class=\"wp-block-group\"><div class=\"wp-block-group__inner-container is-layout-flow wp-block-group-is-layout-flow\">\n<p class=\"has-normal-font-size\"><span class=\"has-inline-color has-black-color\">La m\u00e9ditation de pleine conscience&nbsp;consiste \u00e0 orienter son attention sur l&#8217;instant pr\u00e9sent, sur ce qui se d\u00e9roule ici et maintenant, sans jugement ni r\u00e9action. Il s&#8217;agit d&#8217;\u00e9couter, ressentir, ce qui se passe \u00e0 l&#8217;int\u00e9rieur de soi, ses sensations, ses \u00e9motions, ses pens\u00e9es en rapport avec ce qui se passe \u00e0 l&#8217;ext\u00e9rieur de soi&nbsp;:&nbsp;les bruits entendus, les odeurs ressenties.&nbsp;La m\u00e9ditation permet d&#8217;acc\u00e9der \u00e0 l&#8217;\u00e9tat de pleine conscience. Elle lib\u00e8re l&#8217;esprit de ses incessantes pens\u00e9es pour le recentrer sur le moment pr\u00e9sent.&nbsp;<br>L&#8217;\u00e9tat de m\u00e9ditation est le moment o\u00f9 l&#8217;on est&nbsp;recentr\u00e9 sur l&#8217;essentiel<\/span><\/p>\n<\/div><\/div>\n\n\n\n<div class=\"wp-block-group\"><div class=\"wp-block-group__inner-container is-layout-flow wp-block-group-is-layout-flow\">\n<p class=\"has-normal-font-size\"><br><strong><em>Changer des habitudes ancr\u00e9es demande de l\u2019entra\u00eenement et une curiosit\u00e9 bienveillante envers soi-m\u00eame.<\/em><\/strong><br>La pleine conscience d\u00e9veloppe l\u2019attention, l\u2019\u00e9quilibre \u00e9motionnel et la r\u00e9silience au stress.&nbsp;Elle joue un r\u00f4le fondamental dans les m\u00e9canismes de fonctionnement de notre cerveau et de notre syst\u00e8me nerveux. En ancrant notre existence dans le moment pr\u00e9sent, elle permet d\u2019\u00e9largir le champ des possibles, de cultiver naturellement nos ressources internes et de traverser les challenges avec plus d\u2019aisance.<\/p>\n<\/div><\/div>\n<\/div><\/div>\n\n\n\n<h2 class=\"wp-block-heading\"><\/h2>\n\n\n\n<div class=\"wp-block-group\"><div class=\"wp-block-group__inner-container is-layout-flow wp-block-group-is-layout-flow\">\n<p class=\"has-normal-font-size\"><em><strong>Le plus grand b\u00e9n\u00e9fice de la m\u00e9ditation de pleine conscience est de&nbsp;savourer pleinement l&#8217;existence. <\/strong><\/em><br><em>Sortir des automatismes, des pr\u00e9occupations mentales qui nous font vivre d\u00e9connect\u00e9 de l&#8217;instant. Se rendre disponible \u00e0 ce que nous propose la vie<\/em>.<\/p>\n\n\n\n<p class=\"has-normal-font-size\">La pleine conscience, ou Mindfullness, apporte de nombreux effets b\u00e9n\u00e9fiques sur \u00e0 la sant\u00e9&nbsp;:<\/p>\n\n\n\n<p><\/p>\n<\/div><\/div>\n\n\n\n<div class=\"wp-block-group\"><div class=\"wp-block-group__inner-container is-layout-flow wp-block-group-is-layout-flow\">\n<div class=\"wp-block-group\"><div class=\"wp-block-group__inner-container is-layout-flow wp-block-group-is-layout-flow\">\n<p class=\"has-normal-font-size\">\u2022 R\u00e9duction du stress<br>\u2022 Am\u00e9lioration de la qualit\u00e9 de vie&nbsp;en \u00e9tant plus pr\u00e9sent dans l&#8217;instant<br>\u2022 Gain en&nbsp;clart\u00e9 d&#8217;esprit, vision plus clairvoyante<br>\u2022 R\u00e9duction de&nbsp;l&#8217;anxi\u00e9t\u00e9<br>\u2022 Am\u00e9lioration du sommeil<br>\u2022 Am\u00e9lioration des troubles de l&#8217;attention<br>\u2022 Am\u00e9lioration de la concentration et de la productivit\u00e9<br>\u2022 Gestion de la souffrance, des migraines et des douleurs physiques<br>\u2022 Contr\u00f4le de ses \u00e9motions<br>\u2022 D\u00e9veloppement de l&#8217;expression artistique et de la&nbsp;cr\u00e9ativit\u00e9<br>\u2022 Et bien d&#8217;autres b\u00e9n\u00e9fices \u00e0 d\u00e9couvrir chaque jour<\/p>\n\n\n\n<div class=\"wp-block-group\"><div class=\"wp-block-group__inner-container is-layout-flow wp-block-group-is-layout-flow\">\n<div class=\"wp-block-group\"><div class=\"wp-block-group__inner-container is-layout-flow wp-block-group-is-layout-flow\">\n<p class=\"has-normal-font-size\"><br><\/p>\n<\/div><\/div>\n<\/div><\/div>\n\n\n\n<div class=\"wp-block-group\"><div class=\"wp-block-group__inner-container is-layout-flow wp-block-group-is-layout-flow\">\n<div class=\"wp-block-group\"><div class=\"wp-block-group__inner-container is-layout-flow wp-block-group-is-layout-flow\">\n<p class=\"has-normal-font-size\"><\/p>\n<\/div><\/div>\n\n\n\n<p><\/p>\n<\/div><\/div>\n<\/div><\/div>\n<\/div><\/div>\n\n\n\n<figure class=\"wp-block-pullquote\" style=\"border-color:#ff6900\"><blockquote><p>&#8220;Ce voyage int\u00e9rieur m\u2019a ouvert des portes et apporter de la confiance en moi, cela m\u2019a chang\u00e9 la vie&#8221;! <\/p><cite>Nathalie<\/cite><\/blockquote><\/figure>\n","protected":false},"excerpt":{"rendered":"<p>La m\u00e9ditation de pleine conscience&nbsp;consiste \u00e0 orienter son attention sur l&#8217;instant pr\u00e9sent, sur ce qui se d\u00e9roule ici et maintenant, sans jugement ni r\u00e9action. Il s&#8217;agit d&#8217;\u00e9couter, ressentir, ce qui &hellip; <\/p>\n","protected":false},"author":1,"featured_media":0,"parent":0,"menu_order":0,"comment_status":"closed","ping_status":"open","template":"","meta":{"_price":"","_stock":"","_tribe_ticket_header":"","_tribe_default_ticket_provider":"","_tribe_ticket_capacity":"0","_ticket_start_date":"","_ticket_end_date":"","_tribe_ticket_show_description":"","_tribe_ticket_show_not_going":false,"_tribe_ticket_use_global_stock":"","_tribe_ticket_global_stock_level":"","_global_stock_mode":"","_global_stock_cap":"","_tribe_rsvp_for_event":"","_tribe_ticket_going_count":"","_tribe_ticket_not_going_count":"","_tribe_tickets_list":"[]","_tribe_ticket_has_attendee_info_fields":false,"_EventAllDay":false,"_EventTimezone":"","_EventStartDate":"","_EventEndDate":"","_EventStartDateUTC":"","_EventEndDateUTC":"","_EventShowMap":false,"_EventShowMapLink":false,"_EventURL":"","_EventCost":"","_EventCostDescription":"","_EventCurrencySymbol":"","_EventCurrencyCode":"","_EventCurrencyPosition":"","_EventDateTimeSeparator":"","_EventTimeRangeSeparator":"","_EventOrganizerID":[],"_EventVenueID":[],"_OrganizerEmail":"","_OrganizerPhone":"","_OrganizerWebsite":"","_VenueAddress":"","_VenueCity":"","_VenueCountry":"","_VenueProvince":"","_VenueState":"","_VenueZip":"","_VenuePhone":"","_VenueURL":"","_VenueStateProvince":"","_VenueLat":"","_VenueLng":"","_VenueShowMap":false,"_VenueShowMapLink":false,"footnotes":"","_tec_slr_enabled":"","_tec_slr_layout":""},"ticketed":false,"_links":{"self":[{"href":"https:\/\/agnesl.fr\/meditation\/wp-json\/wp\/v2\/pages\/2"}],"collection":[{"href":"https:\/\/agnesl.fr\/meditation\/wp-json\/wp\/v2\/pages"}],"about":[{"href":"https:\/\/agnesl.fr\/meditation\/wp-json\/wp\/v2\/types\/page"}],"author":[{"embeddable":true,"href":"https:\/\/agnesl.fr\/meditation\/wp-json\/wp\/v2\/users\/1"}],"replies":[{"embeddable":true,"href":"https:\/\/agnesl.fr\/meditation\/wp-json\/wp\/v2\/comments?post=2"}],"version-history":[{"count":60,"href":"https:\/\/agnesl.fr\/meditation\/wp-json\/wp\/v2\/pages\/2\/revisions"}],"predecessor-version":[{"id":1821,"href":"https:\/\/agnesl.fr\/meditation\/wp-json\/wp\/v2\/pages\/2\/revisions\/1821"}],"wp:attachment":[{"href":"https:\/\/agnesl.fr\/meditation\/wp-json\/wp\/v2\/media?parent=2"}],"curies":[{"name":"wp","href":"https:\/\/api.w.org\/{rel}","templated":true}]}}

<figure class="wp-block-image size-full"><a href="https://agnesl.fr/meditation/wp-content/uploads/2022/01/image0-1.jpeg"><img fetchpriority="high" decoding="async" width="640" height="480" src="https://agnesl.fr/meditation/wp-content/uploads/2022/01/image0-1.jpeg" alt="" class="wp-image-1054" srcset="https://agnesl.fr/meditation/wp-content/uploads/2022/01/image0-1.jpeg 640w, https://agnesl.fr/meditation/wp-content/uploads/2022/01/image0-1-300x225.jpeg 300w, https://agnesl.fr/meditation/wp-content/uploads/2022/01/image0-1-80x60.jpeg 80w, https://agnesl.fr/meditation/wp-content/uploads/2022/01/image0-1-390x293.jpeg 390w, https://agnesl.fr/meditation/wp-content/uploads/2022/01/image0-1-367x275.jpeg 367w, https://agnesl.fr/meditation/wp-content/uploads/2022/01/image0-1-456x342.jpeg 456w, https://agnesl.fr/meditation/wp-content/uploads/2022/01/image0-1-600x450.jpeg 600w" sizes="(max-width: 640px) 100vw, 640px" /></a><figcaption><strong><em><span class="has-inline-color has-cyan-bluish-gray-color"><sup><strong><em>”Rien n’est plus précieux que d’être dans le moment présent.&nbsp;</em></strong><br><strong><em>Entièrement vivant, pleinement conscient.”</em></strong><br>Thich Nhat Hanh&nbsp;</sup></span></em></strong></figcaption></figure>



<div class="wp-block-group"><div class="wp-block-group__inner-container is-layout-flow wp-block-group-is-layout-flow">
<div class="wp-block-group"><div class="wp-block-group__inner-container is-layout-flow wp-block-group-is-layout-flow">
<p class="has-normal-font-size"><span class="has-inline-color has-black-color">La méditation de pleine conscience&nbsp;consiste à orienter son attention sur l&#8217;instant présent, sur ce qui se déroule ici et maintenant, sans jugement ni réaction. Il s&#8217;agit d&#8217;écouter, ressentir, ce qui se passe à l&#8217;intérieur de soi, ses sensations, ses émotions, ses pensées en rapport avec ce qui se passe à l&#8217;extérieur de soi&nbsp;:&nbsp;les bruits entendus, les odeurs ressenties.&nbsp;La méditation permet d&#8217;accéder à l&#8217;état de pleine conscience. Elle libère l&#8217;esprit de ses incessantes pensées pour le recentrer sur le moment présent.&nbsp;<br>L&#8217;état de méditation est le moment où l&#8217;on est&nbsp;recentré sur l&#8217;essentiel</span></p>
</div></div>



<div class="wp-block-group"><div class="wp-block-group__inner-container is-layout-flow wp-block-group-is-layout-flow">
<p class="has-normal-font-size"><br><strong><em>Changer des habitudes ancrées demande de l’entraînement et une curiosité bienveillante envers soi-même.</em></strong><br>La pleine conscience développe l’attention, l’équilibre émotionnel et la résilience au stress.&nbsp;Elle joue un rôle fondamental dans les mécanismes de fonctionnement de notre cerveau et de notre système nerveux. En ancrant notre existence dans le moment présent, elle permet d’élargir le champ des possibles, de cultiver naturellement nos ressources internes et de traverser les challenges avec plus d’aisance.</p>
</div></div>
</div></div>



<h2 class="wp-block-heading"></h2>



<div class="wp-block-group"><div class="wp-block-group__inner-container is-layout-flow wp-block-group-is-layout-flow">
<p class="has-normal-font-size"><em><strong>Le plus grand bénéfice de la méditation de pleine conscience est de&nbsp;savourer pleinement l&#8217;existence. </strong></em><br><em>Sortir des automatismes, des préoccupations mentales qui nous font vivre déconnecté de l&#8217;instant. Se rendre disponible à ce que nous propose la vie</em>.</p>



<p class="has-normal-font-size">La pleine conscience, ou Mindfullness, apporte de nombreux effets bénéfiques sur à la santé&nbsp;:</p>



<p></p>
</div></div>



<div class="wp-block-group"><div class="wp-block-group__inner-container is-layout-flow wp-block-group-is-layout-flow">
<div class="wp-block-group"><div class="wp-block-group__inner-container is-layout-flow wp-block-group-is-layout-flow">
<p class="has-normal-font-size">• Réduction du stress<br>• Amélioration de la qualité de vie&nbsp;en étant plus présent dans l&#8217;instant<br>• Gain en&nbsp;clarté d&#8217;esprit, vision plus clairvoyante<br>• Réduction de&nbsp;l&#8217;anxiété<br>• Amélioration du sommeil<br>• Amélioration des troubles de l&#8217;attention<br>• Amélioration de la concentration et de la productivité<br>• Gestion de la souffrance, des migraines et des douleurs physiques<br>• Contrôle de ses émotions<br>• Développement de l&#8217;expression artistique et de la&nbsp;créativité<br>• Et bien d&#8217;autres bénéfices à découvrir chaque jour</p>



<div class="wp-block-group"><div class="wp-block-group__inner-container is-layout-flow wp-block-group-is-layout-flow">
<div class="wp-block-group"><div class="wp-block-group__inner-container is-layout-flow wp-block-group-is-layout-flow">
<p class="has-normal-font-size"><br></p>
</div></div>
</div></div>



<div class="wp-block-group"><div class="wp-block-group__inner-container is-layout-flow wp-block-group-is-layout-flow">
<div class="wp-block-group"><div class="wp-block-group__inner-container is-layout-flow wp-block-group-is-layout-flow">
<p class="has-normal-font-size"></p>
</div></div>



<p></p>
</div></div>
</div></div>
</div></div>



<figure class="wp-block-pullquote" style="border-color:#ff6900"><blockquote><p>&#8220;Ce voyage intérieur m’a ouvert des portes et apporter de la confiance en moi, cela m’a changé la vie&#8221;! </p><cite>Nathalie</cite></blockquote></figure>

<p>La méditation de pleine conscience&nbsp;consiste à orienter son attention sur l&#8217;instant présent, sur ce qui se déroule ici et maintenant, sans jugement ni réaction. Il s&#8217;agit d&#8217;écouter, ressentir, ce qui &hellip; </p>
